{"id":6124,"date":"2023-05-25T15:32:05","date_gmt":"2023-05-25T13:32:05","guid":{"rendered":"https:\/\/tagungsschloss.de\/veranstaltung\/maeck-pomm-kinder-und-familien-openair-2023\/"},"modified":"2023-05-31T12:45:25","modified_gmt":"2023-05-31T10:45:25","slug":"maeck-pomm-kinder-und-familien-openair-2023","status":"publish","type":"tribe_events","link":"https:\/\/tagungsschloss.de\/en\/veranstaltung\/maeck-pomm-kinder-und-familien-openair-2023\/","title":{"rendered":"M\u00e4ck &#038; Pomm Kinder- und Familien Openair 2023"},"content":{"rendered":"<p>Unser malerisches kleines Schloss mit Park im D\u00f6rfchen Hasenwinkel fungiert auch 2023 als idealer Spielort f\u00fcr Gro\u00df und Klein, wenn hier das Kinder- und Familienfest stattfindet. Bei dieser Ausgabe mit von der Partie sind das Deutsch-Polnische Musikschulorchester Stralsund, Percussion-Spezialisten von Quatuor Beat aus Frankreich, das Fahrradorchester Brabants Fietsorkest, frisch gebackene \u00bbJugend musiziert\u00ab-Preistr\u00e4ger:innen, die Mobile Musikwerkstatt von kultursegel und viele mehr. Als Zeremonienmeister freuen wir uns auf den als TV-Moderator bekannten Willi Weitzel.<\/p>\n","protected":false},"excerpt":{"rendered":"<p>Unser malerisches kleines Schloss mit Park im D\u00f6rfchen Hasenwinkel fungiert auch 2023 als idealer Spielort f\u00fcr Gro\u00df und Klein, wenn hier das Kinder- und Familienfest stattfindet. Bei dieser Ausgabe mit von der Partie sind das Deutsch-Polnische Musikschulorchester Stralsund, Percussion-Spezialisten von  [&#8230;]<\/p>\n","protected":false},"author":4,"featured_media":5330,"template":"","meta":{"_acf_changed":false,"_tribe_events_status":"","_tribe_events_status_reason":"","footnotes":""},"tags":[74,75],"tribe_events_cat":[63,62],"class_list":["post-6124","tribe_events","type-tribe_events","status-publish","has-post-thumbnail","hentry","tag-kinderfest-en","tag-konzert-en","tribe_events_cat-festival","tribe_events_cat-general","cat_festival","cat_general"],"acf":[],"_links":{"self":[{"href":"https:\/\/tagungsschloss.de\/en\/wp-json\/wp\/v2\/tribe_events\/6124","targetHints":{"allow":["GET"]}}],"collection":[{"href":"https:\/\/tagungsschloss.de\/en\/wp-json\/wp\/v2\/tribe_events"}],"about":[{"href":"https:\/\/tagungsschloss.de\/en\/wp-json\/wp\/v2\/types\/tribe_events"}],"author":[{"embeddable":true,"href":"https:\/\/tagungsschloss.de\/en\/wp-json\/wp\/v2\/users\/4"}],"version-history":[{"count":1,"href":"https:\/\/tagungsschloss.de\/en\/wp-json\/wp\/v2\/tribe_events\/6124\/revisions"}],"predecessor-version":[{"id":6125,"href":"https:\/\/tagungsschloss.de\/en\/wp-json\/wp\/v2\/tribe_events\/6124\/revisions\/6125"}],"wp:featuredmedia":[{"embeddable":true,"href":"https:\/\/tagungsschloss.de\/en\/wp-json\/wp\/v2\/media\/5330"}],"wp:attachment":[{"href":"https:\/\/tagungsschloss.de\/en\/wp-json\/wp\/v2\/media?parent=6124"}],"wp:term":[{"taxonomy":"post_tag","embeddable":true,"href":"https:\/\/tagungsschloss.de\/en\/wp-json\/wp\/v2\/tags?post=6124"},{"taxonomy":"tribe_events_cat","embeddable":true,"href":"https:\/\/tagungsschloss.de\/en\/wp-json\/wp\/v2\/tribe_events_cat?post=6124"}],"curies":[{"name":"wp","href":"https:\/\/api.w.org\/{rel}","templated":true}]}}

Mäck &#038; Pomm Kinder- und Familien Openair 2023

<p>Unser malerisches kleines Schloss mit Park im Dörfchen Hasenwinkel fungiert auch 2023 als idealer Spielort für Groß und Klein, wenn hier das Kinder- und Familienfest stattfindet. Bei dieser Ausgabe mit von der Partie sind das Deutsch-Polnische Musikschulorchester Stralsund, Percussion-Spezialisten von Quatuor Beat aus Frankreich, das Fahrradorchester Brabants Fietsorkest, frisch gebackene »Jugend musiziert«-Preisträger:innen, die Mobile Musikwerkstatt von kultursegel und viele mehr. Als Zeremonienmeister freuen wir uns auf den als TV-Moderator bekannten Willi Weitzel.</p>

<p>Unser malerisches kleines Schloss mit Park im Dörfchen Hasenwinkel fungiert auch 2023 als idealer Spielort für Groß und Klein, wenn hier das Kinder- und Familienfest stattfindet. Bei dieser Ausgabe mit von der Partie sind das Deutsch-Polnische Musikschulorchester Stralsund, Percussion-Spezialisten von  [&#8230;]</p>
